



 
 {"id":6,"date":"2016-09-01T16:24:26","date_gmt":"2016-09-01T15:24:26","guid":{"rendered":"http:\/\/localhost\/exmora\/?page_id=6"},"modified":"2017-06-08T13:50:22","modified_gmt":"2017-06-08T13:50:22","slug":"qui-sommes-nous","status":"publish","type":"page","link":"https:\/\/exmora.ma\/mobile\/qui-sommes-nous\/","title":{"rendered":"Qui sommes-nous ?"},"content":{"rendered":"<style>\n.exmora-home-widget {<br \/>\n    background-color: #e4e4e4;<br \/>\n    padding: 15px 0 40px;<br \/>\n    width: 118%;<br \/>\n}<br \/>\n\t.exmora-footer {<br \/>\n    padding: 0;<br \/>\n    margin: 0;<br \/>\n    width: 118%;<br \/>\n    background-color: #2f2f2f;<br \/>\n}<br \/>\n<\/style>\n<div style=\"float: left; border: none; position: relative; left: 17%; margin-bottom: 20px;\">\n<a style=\"font-family: 'dinregular'; font-size: 14px; color: #facc06; text-decoration: none; display:block; background:#005e2b; width:200px; float:left; margin-right:1px; text-align:center; padding:10px 5px;\" href=\"qui-sommes-nous\">1981, Au Commencement<\/a><a style=\"float:left; font-family: 'dinregular'; font-size: 14px; color: #FFF; text-decoration: none; display:block; background:#005e2b; width:200px; margin-right:1px; text-align:center; padding:10px 5px;\" href=\"la-releve\">2008, La Rel\u00e8ve<\/a><a style=\"float:left; font-family: 'dinregular'; font-size: 14px; color: #FFF; text-decoration: none; display:block; background:#005e2b; width:200px; margin-right:1px; text-align:center; padding:10px 5px;\" href=\"nos-valeurs\/\">Nos valeurs<\/a>\n<\/div>\n<div style=\"width: 100%; margin-top:20px;clear:both; height: 267px; background: url('http:\/\/www.exmora.ma\/wp-content\/themes\/exmora\/images\/jean-daney.jpg') right no-repeat; text-align: center;\"><img style=\"position: relative; top: 206px;\" src=\"http:\/\/www.exmora.ma\/wp-content\/themes\/exmora\/images\/1981.png\" \/><\/div>\n<p>&nbsp;<\/p>\n<p>&nbsp;<\/p>\n<p><img src=\"http:\/\/www.exmora.ma\/wp-content\/themes\/exmora\/images\/title-qui-sommes-nous.png\" \/><\/p>\n<p style=\"text-align: justify; width: 80%;\">C\u2019est en 1981 que L\u2019horticulteur Jean Daney reprend l\u2019exploitation horticole EXMORA (Exploitation des Mati\u00e8res M\u00e9dicinales Ornementales et Aromatiques) alors en gr\u00e8ve afin de lui donner un nouveau d\u00e9part et se lance dans la production de fleurs coup\u00e9es.<\/p>\n<p style=\"text-align: justify; width: 80%;\">Jean Daney commence tout d\u2019abord par installer un tunnel de roses d\u2019environ 500m2 et s\u2019agrandit au fur et \u00e0 mesure. Chaque ann\u00e9e, sa production de rose \u00e0 l\u2019export vers la France et la Suisse principalement s\u2019agrandit jusque dans les ann\u00e9es 90 pour atteindre 16500m2 de serres de roses hors sol. C\u2019est \u00e0 cette \u00e9poque, que rejoint par Mme Daney, ils d\u00e9cident de diversifier leur production et de travailler essentiellement sur le march\u00e9 local marocain.<\/p>\n<p>&nbsp;<\/p>\n<p style=\"width: 80%;\"><img src=\"http:\/\/www.exmora.ma\/wp-content\/themes\/exmora\/images\/round-pic-1.png\" \/><br \/>\n<img style=\"margin-top: 30px;\" src=\"http:\/\/www.exmora.ma\/wp-content\/themes\/exmora\/images\/quote.png\" \/><\/p>\n<p>&nbsp;<\/p>\n<p style=\"text-align: justify; width: 80%;\">Id\u00e9alement situ\u00e9 entre Casablanca et Rabat, les roses, lys, gerberas, freezias, renoncules\u2026 etc et divers feuillages fraichement coup\u00e9s sur les 4 ha en production sont livr\u00e9s par leur propre camion frigorifi\u00e9 chez les fleuristes de ces deux grandes villes et par transporteur dans les villes principales du royaume.<\/p>\n<p style=\"width: 80%; text-align: justify;\">M. et Mme Daney deviennent les producteurs de r\u00e9f\u00e9rence pour le march\u00e9 local et fournissent les plus belles enseignes et palais.<\/p>\n<p>&nbsp;<\/p>\n","protected":false},"excerpt":{"rendered":"<p>1981, Au Commencement2008, La Rel\u00e8veNos valeurs &nbsp; &nbsp; C\u2019est en 1981 que L\u2019horticulteur Jean Daney reprend l\u2019exploitation horticole EXMORA (Exploitation des Mati\u00e8res M\u00e9dicinales Ornementales et Aromatiques) alors en gr\u00e8ve afin de lui donner un nouveau d\u00e9part et se lance dans la production de fleurs coup\u00e9es. Jean Daney commence tout d\u2019abord par installer un tunnel de [&hellip;]<\/p>\n","protected":false},"author":1,"featured_media":30,"parent":0,"menu_order":0,"comment_status":"closed","ping_status":"closed","template":"","meta":[],"tags":[],"yoast_head":"<!-- This site is optimized with the Yoast SEO plugin v15.3 - https:\/\/yoast.com\/wordpress\/plugins\/seo\/ -->\n<title>Exmora - Production et importation de fleurs Maroc<\/title>\n<meta name=\"description\" content=\"Exmora - Production et importation de fleurs Maroc\" \/>\n<meta name=\"robots\" content=\"index, follow, max-snippet:-1, max-image-preview:large, max-video-preview:-1\" \/>\n<link rel=\"canonical\" href=\"https:\/\/exmora.ma\/qui-sommes-nous\/\" \/>\n<meta property=\"og:locale\" content=\"fr_FR\" \/>\n<meta property=\"og:type\" content=\"article\" \/>\n<meta property=\"og:title\" content=\"Exmora - Production et importation de fleurs Maroc\" \/>\n<meta property=\"og:description\" content=\"Exmora - Production et importation de fleurs Maroc\" \/>\n<meta property=\"og:url\" content=\"https:\/\/exmora.ma\/qui-sommes-nous\/\" \/>\n<meta property=\"og:site_name\" content=\"Exmora\" \/>\n<meta property=\"article:modified_time\" content=\"2017-06-08T13:50:22+00:00\" \/>\n<meta property=\"og:image\" content=\"https:\/\/exmora.ma\/wp-content\/uploads\/2016\/09\/page-bloc-thumb.jpg\" \/>\n\t<meta property=\"og:image:width\" content=\"389\" \/>\n\t<meta property=\"og:image:height\" content=\"200\" \/>\n<meta name=\"twitter:card\" content=\"summary\" \/>\n<meta name=\"twitter:label1\" content=\"\u00c9crit par\">\n\t<meta name=\"twitter:data1\" content=\"admin\">\n\t<meta name=\"twitter:label2\" content=\"Dur\u00e9e de lecture est.\">\n\t<meta name=\"twitter:data2\" content=\"1 minute\">\n<script type=\"application\/ld+json\" class=\"yoast-schema-graph\">{\"@context\":\"https:\/\/schema.org\",\"@graph\":[{\"@type\":\"Organization\",\"@id\":\"https:\/\/exmora.ma\/#organization\",\"name\":\"Exmora\",\"url\":\"https:\/\/exmora.ma\/\",\"sameAs\":[],\"logo\":{\"@type\":\"ImageObject\",\"@id\":\"https:\/\/exmora.ma\/#logo\",\"inLanguage\":\"fr-FR\",\"url\":\"https:\/\/exmora.ma\/wp-content\/uploads\/2017\/03\/Changement-de-couleur.png\",\"width\":213,\"height\":86,\"caption\":\"Exmora\"},\"image\":{\"@id\":\"https:\/\/exmora.ma\/#logo\"}},{\"@type\":\"WebSite\",\"@id\":\"https:\/\/exmora.ma\/#website\",\"url\":\"https:\/\/exmora.ma\/\",\"name\":\"Exmora\",\"description\":\"\",\"publisher\":{\"@id\":\"https:\/\/exmora.ma\/#organization\"},\"potentialAction\":[{\"@type\":\"SearchAction\",\"target\":\"https:\/\/exmora.ma\/?s={search_term_string}\",\"query-input\":\"required name=search_term_string\"}],\"inLanguage\":\"fr-FR\"},{\"@type\":\"ImageObject\",\"@id\":\"https:\/\/exmora.ma\/qui-sommes-nous\/#primaryimage\",\"inLanguage\":\"fr-FR\",\"url\":\"https:\/\/exmora.ma\/wp-content\/uploads\/2016\/09\/page-bloc-thumb.jpg\",\"width\":389,\"height\":200},{\"@type\":\"WebPage\",\"@id\":\"https:\/\/exmora.ma\/qui-sommes-nous\/#webpage\",\"url\":\"https:\/\/exmora.ma\/qui-sommes-nous\/\",\"name\":\"Exmora - Production et importation de fleurs Maroc\",\"isPartOf\":{\"@id\":\"https:\/\/exmora.ma\/#website\"},\"primaryImageOfPage\":{\"@id\":\"https:\/\/exmora.ma\/qui-sommes-nous\/#primaryimage\"},\"datePublished\":\"2016-09-01T15:24:26+00:00\",\"dateModified\":\"2017-06-08T13:50:22+00:00\",\"description\":\"Exmora - Production et importation de fleurs Maroc\",\"inLanguage\":\"fr-FR\",\"potentialAction\":[{\"@type\":\"ReadAction\",\"target\":[\"https:\/\/exmora.ma\/qui-sommes-nous\/\"]}]}]}<\/script>\n<!-- \/ Yoast SEO plugin. -->","_links":{"self":[{"href":"https:\/\/exmora.ma\/mobile\/wp-json\/wp\/v2\/pages\/6"}],"collection":[{"href":"https:\/\/exmora.ma\/mobile\/wp-json\/wp\/v2\/pages"}],"about":[{"href":"https:\/\/exmora.ma\/mobile\/wp-json\/wp\/v2\/types\/page"}],"author":[{"embeddable":true,"href":"https:\/\/exmora.ma\/mobile\/wp-json\/wp\/v2\/users\/1"}],"replies":[{"embeddable":true,"href":"https:\/\/exmora.ma\/mobile\/wp-json\/wp\/v2\/comments?post=6"}],"version-history":[{"count":63,"href":"https:\/\/exmora.ma\/mobile\/wp-json\/wp\/v2\/pages\/6\/revisions"}],"predecessor-version":[{"id":2285,"href":"https:\/\/exmora.ma\/mobile\/wp-json\/wp\/v2\/pages\/6\/revisions\/2285"}],"wp:featuredmedia":[{"embeddable":true,"href":"https:\/\/exmora.ma\/mobile\/wp-json\/wp\/v2\/media\/30"}],"wp:attachment":[{"href":"https:\/\/exmora.ma\/mobile\/wp-json\/wp\/v2\/media?parent=6"}],"wp:term":[{"taxonomy":"post_tag","embeddable":true,"href":"https:\/\/exmora.ma\/mobile\/wp-json\/wp\/v2\/tags?post=6"}],"curies":[{"name":"wp","href":"https:\/\/api.w.org\/{rel}","templated":true}]}}